{"id":383,"date":"2017-11-17T09:24:39","date_gmt":"2017-11-17T09:24:39","guid":{"rendered":"http:\/\/blaivybesmokykla.lt\/?page_id=383"},"modified":"2020-02-14T08:16:58","modified_gmt":"2020-02-14T08:16:58","slug":"3-diena","status":"publish","type":"page","link":"https:\/\/blaivybesmokykla.lt\/index.php\/3-diena\/","title":{"rendered":"3 diena"},"content":{"rendered":"<h1 style=\"text-align: center;\"><strong><\/strong>Blaivyb\u0117s kursas<\/h1>\n<p style=\"text-align: center;\"><a href=\"#3diena\"><span style=\"color: rgb(255, 255, 255);\">Pereikite prie 3 dienos<\/span><\/a><\/p>\n<p>chevron-down<\/p>\n<p style=\"text-align: center;\"><strong>1 diena<\/strong><\/p>\n<h2><span style=\"color: rgb(45, 52, 69);\">VIDEO #1.<\/span>&nbsp;<strong>Kaip mus programuoja?<\/strong><\/h2>\n<ol><span style=\"color: rgb(102, 102, 102); font-family: Lato; font-size: 20px; background-color: initial;\">Pa\u017ei\u016br\u0117kite \u0161\u012f videopamok\u0105 ir su\u017einokite:<\/span><\/ol>\n<\/p>\n<ol>\n<li><strong>Kaip vyksta \u012fsitraukimas?<\/strong><\/li>\n<li><strong>I\u0161 kur atsiranda \u012fprotis?<\/strong><\/li>\n<li><strong>&nbsp;I\u0161 ko susideda programa?<\/strong><\/li>\n<\/ol>\n<h2><span style=\"color: rgb(45, 52, 69);\">VIDEO #1.1<\/span>&nbsp;<strong>Atlikite u\u017eduot\u012f<\/strong><\/h2>\n<\/p>\n<p>Jums reikia para\u0161yti savo su alkoholiu ir tabaku gyvenimo istorij\u0105.<\/p>\n<p>Atlikite \u0161i\u0105 u\u017eduot\u012f \u0161iandien, neatideliojant.<\/p>\n<p>Kol neatliksite \u0161iuols u\u017eduoties, neprad\u0117kite \u017ei\u016br\u0117ti sekan\u010dios pamokos.<\/p>\n<p style=\"text-align: center;\"><strong>2 diena<\/strong><\/p>\n<h2><span style=\"color: rgb(45, 52, 69);\">VIDEO #2.<\/span>&nbsp;<strong>Kas kaltas?<\/strong><\/h2>\n<p>Jus su\u017einosite, kas tikrai kaltas d\u0117l j\u016bs\u0173 priklausomyb\u0117s. Kas dieg\u0117 program\u0105 s\u0105moningai, ar nes\u0105moningai. &nbsp;T\u0105 jums b\u016btinai reikia \u017einoti, kad s\u0117kmingai sunaikinti savo \u017ealing\u0105j\u0105 program\u0105 ir \u012fdiegti teising\u0105 ir nauding\u0105.<\/p>\n<\/p>\n<p>\u0160i informacija pad\u0117s jums teisingai elgtis su savo vaikais ir an\u016bkais, kad jie vis\u0105 gyvenim\u0105 liktu visi\u0161kai blaiv\u016bs.<\/p>\n<p>Tam, kad jus geriau atmintum\u0117te informacij\u0105 i\u0161 \u0161ios video pamokos, patikrinkite savo \u017einias \u2013 atsakykite ra\u0161ti\u0161kai \u012f kontrolinius klausymus:<\/p>\n<ol>\n<li>\u012evardinkite visus, kas diegia alkoholin\u0119 program\u0105 <strong>nes\u0105moningai<\/strong>.<\/li>\n<li>Apra\u0161ykite, kaip jie t\u0105 daro.<\/li>\n<li>\u012evardinkite visus, kas diegia alkoholin\u0119 program\u0105 <strong>s\u0105moningai<\/strong>.<\/li>\n<li>Apra\u0161ykite, kaip jie t\u0105 daro.<\/li>\n<li>Atsiminkite ir para\u0161ykite, kaip jus asmeni\u0161kai nes\u0105moningai programavote vartoti svaigalus savo, arba kit\u0173 \u017emoni\u0173 vaikus.<\/li>\n<\/ol>\n<p>Jeigu atsakymo neturite, arba abejojate jo teisingum\u0173 \u2013 b\u016btinai per\u017ei\u016br\u0117kite video pamok\u0105 dar karta.<\/p>\n<h2><span style=\"color: rgb(45, 52, 69);\">VIDEO #2.1<\/span>&nbsp;<strong>Para\u0161ykite \u0161iandien prie\u0161 mieg\u0105 pirm\u0105 dienora\u0161t\u012f<\/strong><\/h2>\n<p style=\"text-align: left;\">D ienora\u0161\u010dio ra\u0161ymas, tai pats svarbiausias j\u016bs\u0173 darbas. Su\u017einokite kod\u0117l, j\u012f reikia ra\u0161yti, kaip ir kada.<u><\/u><\/p>\n<p style=\"text-align: center;\"><strong>3 diena<\/strong><\/p>\n<h2><span style=\"color: rgb(45, 52, 69);\">VIDEO #3 <strong>U\u017eg\u0117rimai<\/strong><\/span><strong><\/strong><\/h2>\n<p style=\"text-align: left;\">\n<p style=\"text-align: left;\">\n<p style=\"text-align: left;\"><strong>Kaip prasideda?<\/strong><\/p>\n<p style=\"text-align: left;\"><strong>Kod\u0117l taip sunku i\u0161trukti?<\/strong><\/p>\n<p style=\"text-align: left;\"><strong><u><\/u>Kaip baigti?<\/strong><\/p>\n<p style=\"text-align: left;\"><strong>Kaip i\u0161vengti?<\/strong><\/p>\n<h2><span style=\"color: rgb(45, 52, 69);\">VIDEO #3.1&nbsp;<strong>Tre\u010dias variantas<\/strong><\/span><strong><\/strong><\/h2>\n<p style=\"text-align: left;\">\n<p style=\"text-align: left;\">\n<p style=\"text-align: left;\"><strong>I\u0161venkite \u0161ios klaidos<\/strong><\/p>\n<h2><span style=\"color: rgb(45, 52, 69);\">VIDEO #3.2&nbsp;<strong>Priimkite sprendim\u0105<\/strong><\/span><strong><\/strong><\/h2>\n<p style=\"text-align: left;\">\n<p style=\"text-align: left;\">\n<p style=\"text-align: left;\">\n<p style=\"text-align: left;\">Atejo laikas veiksmams. Nuo \u0161iol jus gyvensite blaiviai!<\/p>\n<p style=\"text-align: center;\"><strong>Nepamir\u0161kite \u0161iandien prie\u0161 mieg\u0105 para\u0161yti eilin\u012f dienora\u0161t\u012f!<\/strong><\/p>\n<p style=\"text-align: center;\"><span style=\"color: rgb(153, 153, 153); font-size: 16px;\">{tcb_current_year} BlaivybesMokykla.lt&nbsp; &nbsp; jevgenij.fedotov@blaivybesmokykla.lt &nbsp; &nbsp;+37086821078<\/span><span style=\"color: rgb(255, 255, 255);\"><a href=\"#\"><span style=\"font-size: 16px;\"><u><\/u><\/span><\/a><\/span><\/p>\n","protected":false},"excerpt":{"rendered":"<p>Blaivyb\u0117s kursas Pereikite prie 3 dienos chevron-down 1 diena VIDEO #1.&nbsp;Kaip mus programuoja? Pa\u017ei\u016br\u0117kite \u0161\u012f videopamok\u0105 ir su\u017einokite: Kaip vyksta \u012fsitraukimas? I\u0161 kur atsiranda \u012fprotis? &nbsp;I\u0161 ko susideda programa? VIDEO #1.1&nbsp;Atlikite u\u017eduot\u012f Jums reikia para\u0161yti savo su alkoholiu ir tabaku gyvenimo istorij\u0105. Atlikite \u0161i\u0105 u\u017eduot\u012f \u0161iandien, neatideliojant. Kol neatliksite \u0161iuols u\u017eduoties, neprad\u0117kite \u017ei\u016br\u0117ti sekan\u010dios pamokos. [&hellip;]<\/p>\n","protected":false},"author":1,"featured_media":0,"parent":0,"menu_order":0,"comment_status":"closed","ping_status":"closed","template":"","meta":{"_exactmetrics_skip_tracking":false,"_exactmetrics_sitenote_active":false,"_exactmetrics_sitenote_note":"","_exactmetrics_sitenote_category":0,"footnotes":""},"class_list":["post-383","page","type-page","status-publish","hentry"],"yoast_head":"<!-- This site is optimized with the Yoast SEO plugin v27.4 - https:\/\/yoast.com\/product\/yoast-seo-wordpress\/ -->\n<title>3 diena - Blaivybes Mokykla<\/title>\n<meta name=\"robots\" content=\"index, follow, max-snippet:-1, max-image-preview:large, max-video-preview:-1\" \/>\n<link rel=\"canonical\" href=\"https:\/\/blaivybesmokykla.lt\/index.php\/3-diena\/\" \/>\n<meta property=\"og:locale\" content=\"lt_LT\" \/>\n<meta property=\"og:type\" content=\"article\" \/>\n<meta property=\"og:title\" content=\"3 diena - Blaivybes Mokykla\" \/>\n<meta property=\"og:description\" content=\"Blaivyb\u0117s kursas Pereikite prie 3 dienos chevron-down 1 diena VIDEO #1.&nbsp;Kaip mus programuoja? Pa\u017ei\u016br\u0117kite \u0161\u012f videopamok\u0105 ir su\u017einokite: Kaip vyksta \u012fsitraukimas? I\u0161 kur atsiranda \u012fprotis? &nbsp;I\u0161 ko susideda programa? VIDEO #1.1&nbsp;Atlikite u\u017eduot\u012f Jums reikia para\u0161yti savo su alkoholiu ir tabaku gyvenimo istorij\u0105. Atlikite \u0161i\u0105 u\u017eduot\u012f \u0161iandien, neatideliojant. Kol neatliksite \u0161iuols u\u017eduoties, neprad\u0117kite \u017ei\u016br\u0117ti sekan\u010dios pamokos. [&hellip;]\" \/>\n<meta property=\"og:url\" content=\"https:\/\/blaivybesmokykla.lt\/index.php\/3-diena\/\" \/>\n<meta property=\"og:site_name\" content=\"Blaivybes Mokykla\" \/>\n<meta property=\"article:modified_time\" content=\"2020-02-14T08:16:58+00:00\" \/>\n<meta name=\"twitter:card\" content=\"summary_large_image\" \/>\n<meta name=\"twitter:label1\" content=\"Est. reading time\" \/>\n\t<meta name=\"twitter:data1\" content=\"2 minut\u0117s\" \/>\n<script type=\"application\/ld+json\" class=\"yoast-schema-graph\">{\"@context\":\"https:\\\/\\\/schema.org\",\"@graph\":[{\"@type\":\"WebPage\",\"@id\":\"https:\\\/\\\/blaivybesmokykla.lt\\\/index.php\\\/3-diena\\\/\",\"url\":\"https:\\\/\\\/blaivybesmokykla.lt\\\/index.php\\\/3-diena\\\/\",\"name\":\"3 diena - Blaivybes Mokykla\",\"isPartOf\":{\"@id\":\"https:\\\/\\\/blaivybesmokykla.lt\\\/#website\"},\"datePublished\":\"2017-11-17T09:24:39+00:00\",\"dateModified\":\"2020-02-14T08:16:58+00:00\",\"breadcrumb\":{\"@id\":\"https:\\\/\\\/blaivybesmokykla.lt\\\/index.php\\\/3-diena\\\/#breadcrumb\"},\"inLanguage\":\"lt-LT\",\"potentialAction\":[{\"@type\":\"ReadAction\",\"target\":[\"https:\\\/\\\/blaivybesmokykla.lt\\\/index.php\\\/3-diena\\\/\"]}]},{\"@type\":\"BreadcrumbList\",\"@id\":\"https:\\\/\\\/blaivybesmokykla.lt\\\/index.php\\\/3-diena\\\/#breadcrumb\",\"itemListElement\":[{\"@type\":\"ListItem\",\"position\":1,\"name\":\"Home\",\"item\":\"https:\\\/\\\/blaivybesmokykla.lt\\\/\"},{\"@type\":\"ListItem\",\"position\":2,\"name\":\"3 diena\"}]},{\"@type\":\"WebSite\",\"@id\":\"https:\\\/\\\/blaivybesmokykla.lt\\\/#website\",\"url\":\"https:\\\/\\\/blaivybesmokykla.lt\\\/\",\"name\":\"Blaivybes Mokykla\",\"description\":\"Kaip lengvai mesti gerti ir r\u016bkyti - atsikratymas alkoholizmo ir r\u016bkymo\",\"potentialAction\":[{\"@type\":\"SearchAction\",\"target\":{\"@type\":\"EntryPoint\",\"urlTemplate\":\"https:\\\/\\\/blaivybesmokykla.lt\\\/?s={search_term_string}\"},\"query-input\":{\"@type\":\"PropertyValueSpecification\",\"valueRequired\":true,\"valueName\":\"search_term_string\"}}],\"inLanguage\":\"lt-LT\"}]}<\/script>\n<!-- \/ Yoast SEO plugin. -->","yoast_head_json":{"title":"3 diena - Blaivybes Mokykla","robots":{"index":"index","follow":"follow","max-snippet":"max-snippet:-1","max-image-preview":"max-image-preview:large","max-video-preview":"max-video-preview:-1"},"canonical":"https:\/\/blaivybesmokykla.lt\/index.php\/3-diena\/","og_locale":"lt_LT","og_type":"article","og_title":"3 diena - Blaivybes Mokykla","og_description":"Blaivyb\u0117s kursas Pereikite prie 3 dienos chevron-down 1 diena VIDEO #1.&nbsp;Kaip mus programuoja? Pa\u017ei\u016br\u0117kite \u0161\u012f videopamok\u0105 ir su\u017einokite: Kaip vyksta \u012fsitraukimas? I\u0161 kur atsiranda \u012fprotis? &nbsp;I\u0161 ko susideda programa? VIDEO #1.1&nbsp;Atlikite u\u017eduot\u012f Jums reikia para\u0161yti savo su alkoholiu ir tabaku gyvenimo istorij\u0105. Atlikite \u0161i\u0105 u\u017eduot\u012f \u0161iandien, neatideliojant. Kol neatliksite \u0161iuols u\u017eduoties, neprad\u0117kite \u017ei\u016br\u0117ti sekan\u010dios pamokos. [&hellip;]","og_url":"https:\/\/blaivybesmokykla.lt\/index.php\/3-diena\/","og_site_name":"Blaivybes Mokykla","article_modified_time":"2020-02-14T08:16:58+00:00","twitter_card":"summary_large_image","twitter_misc":{"Est. reading time":"2 minut\u0117s"},"schema":{"@context":"https:\/\/schema.org","@graph":[{"@type":"WebPage","@id":"https:\/\/blaivybesmokykla.lt\/index.php\/3-diena\/","url":"https:\/\/blaivybesmokykla.lt\/index.php\/3-diena\/","name":"3 diena - Blaivybes Mokykla","isPartOf":{"@id":"https:\/\/blaivybesmokykla.lt\/#website"},"datePublished":"2017-11-17T09:24:39+00:00","dateModified":"2020-02-14T08:16:58+00:00","breadcrumb":{"@id":"https:\/\/blaivybesmokykla.lt\/index.php\/3-diena\/#breadcrumb"},"inLanguage":"lt-LT","potentialAction":[{"@type":"ReadAction","target":["https:\/\/blaivybesmokykla.lt\/index.php\/3-diena\/"]}]},{"@type":"BreadcrumbList","@id":"https:\/\/blaivybesmokykla.lt\/index.php\/3-diena\/#breadcrumb","itemListElement":[{"@type":"ListItem","position":1,"name":"Home","item":"https:\/\/blaivybesmokykla.lt\/"},{"@type":"ListItem","position":2,"name":"3 diena"}]},{"@type":"WebSite","@id":"https:\/\/blaivybesmokykla.lt\/#website","url":"https:\/\/blaivybesmokykla.lt\/","name":"Blaivybes Mokykla","description":"Kaip lengvai mesti gerti ir r\u016bkyti - atsikratymas alkoholizmo ir r\u016bkymo","potentialAction":[{"@type":"SearchAction","target":{"@type":"EntryPoint","urlTemplate":"https:\/\/blaivybesmokykla.lt\/?s={search_term_string}"},"query-input":{"@type":"PropertyValueSpecification","valueRequired":true,"valueName":"search_term_string"}}],"inLanguage":"lt-LT"}]}},"_links":{"self":[{"href":"https:\/\/blaivybesmokykla.lt\/index.php\/wp-json\/wp\/v2\/pages\/383","targetHints":{"allow":["GET"]}}],"collection":[{"href":"https:\/\/blaivybesmokykla.lt\/index.php\/wp-json\/wp\/v2\/pages"}],"about":[{"href":"https:\/\/blaivybesmokykla.lt\/index.php\/wp-json\/wp\/v2\/types\/page"}],"author":[{"embeddable":true,"href":"https:\/\/blaivybesmokykla.lt\/index.php\/wp-json\/wp\/v2\/users\/1"}],"replies":[{"embeddable":true,"href":"https:\/\/blaivybesmokykla.lt\/index.php\/wp-json\/wp\/v2\/comments?post=383"}],"version-history":[{"count":25,"href":"https:\/\/blaivybesmokykla.lt\/index.php\/wp-json\/wp\/v2\/pages\/383\/revisions"}],"predecessor-version":[{"id":1238,"href":"https:\/\/blaivybesmokykla.lt\/index.php\/wp-json\/wp\/v2\/pages\/383\/revisions\/1238"}],"wp:attachment":[{"href":"https:\/\/blaivybesmokykla.lt\/index.php\/wp-json\/wp\/v2\/media?parent=383"}],"curies":[{"name":"wp","href":"https:\/\/api.w.org\/{rel}","templated":true}]}}